{"id":116,"date":"2015-02-25T22:17:10","date_gmt":"2015-02-25T21:17:10","guid":{"rendered":"http:\/\/www.centrodambra.com\/wordpress\/?page_id=116"},"modified":"2025-10-30T09:04:21","modified_gmt":"2025-10-30T08:04:21","slug":"roma","status":"publish","type":"page","link":"https:\/\/www.centrodambra.com\/?page_id=116","title":{"rendered":"Incontri a Roma"},"content":{"rendered":"<div id=\"themify_builder_content-116\" data-postid=\"116\" class=\"themify_builder_content themify_builder_content-116 themify_builder\">\n\n    \t\n\t\t<!-- module_row -->\n\t\t<div  class=\"themify_builder_row module_row clearfix module_row_0 themify_builder_116_row module_row_116-0\">\n\t\t\t\t\t\t<div class=\"row_inner col_align_top\" >\n                            \n\t\t<div  class=\"module_column tb-column col2-1 first tb_116_column module_column_0 module_column_116-0-0\" >\n                                        \t\t<\/div>\n\t\t\n\t\t<div  class=\"module_column tb-column col2-1 last tb_116_column module_column_1 module_column_116-0-1\" >\n                                        \t\t<\/div>\n\t\t                                <\/div>\n                                <!-- \/row_inner -->\n                        <\/div>\n                        <!-- \/module_row -->\n\t\t\t\n\t\t<!-- module_row -->\n\t\t<div  class=\"themify_builder_row module_row clearfix fullcover fullwidth module_row_1 themify_builder_116_row module_row_116-1\">\n\t\t\t\t\t\t<div class=\"row_inner col_align_bottom\" >\n                            \n\t\t<div  class=\"module_column tb-column col4-2 first tb_116_column module_column_0 module_column_116-1-0 repeat\" >\n                                        \t\t<\/div>\n\t\t\n\t\t<div  class=\"module_column tb-column col4-2 last tb_116_column module_column_1 module_column_116-1-1\" >\n                                        \t\t<\/div>\n\t\t                                <\/div>\n                                <!-- \/row_inner -->\n                        <\/div>\n                        <!-- \/module_row -->\n\t\t\t\n\t\t<!-- module_row -->\n\t\t<div  data-anchor=\"incontriroma\" class=\"themify_builder_row module_row clearfix repeat tb_section-incontriroma module_row_2 themify_builder_116_row module_row_116-2\">\n\t\t\t\t\t\t<div class=\"row_inner col_align_top\" >\n                            \n\t\t<div  class=\"module_column tb-column col-full first tb_116_column module_column_0 module_column_116-2-0\" >\n                                                                <div class=\"tb-column-inner\">\n                            \r\n\r\n<!-- module text -->\n<div  id=\"text-116-2-0-0\" class=\"module module-text text-116-2-0-0  repeat  \">\n    <!--insert-->\n    \n        <h2 style=\"text-align: center;\">INCONTRI DI ROMA<\/h2>        <\/div>\n<!-- \/module text -->\n\r\n\r\n\r\n<!-- module text -->\n<div  id=\"text-116-2-0-1\" class=\"module module-text text-116-2-0-1  repeat  \">\n    <!--insert-->\n    \n        <p style=\"text-align: center;\">Programma 2025\/26<\/p>        <\/div>\n<!-- \/module text -->\n\r\n\t\t<div class=\"themify_builder_sub_row module_subrow clearfix sub_row_2-0-2\">\n\t\t                    <div class=\"subrow_inner col_align_top\" >\n                                       <div  class=\"col2-1 sub_column module_column first sub_column_post_116 sub_column_2-0-2-0 repeat\" > \n                                                              <div class=\"tb-column-inner\">\n                            \r\n\r\n<!-- module text -->\n<div  id=\"text-116-sub_row_2-0-2-0-0\" class=\"module module-text text-116-sub_row_2-0-2-0-0  repeat  \">\n    <!--insert-->\n    \n        <p style=\"text-align: left;\">GRUPPI SETTIMANALI<\/p>        <\/div>\n<!-- \/module text -->\n\r\n\r\n\r\n    <!-- module post -->\n    <div  id=\"post-116-sub_row_2-0-2-0-1\" class=\"module module-post post-116-sub_row_2-0-2-0-1 \">\n        <!--insert-->\n                <div class=\"builder-posts-wrap clearfix loops-wrapper  list-post boxed\">\n            \n\n<article id=\"post-786\" class=\"post clearfix post-786 type-post status-publish format-standard hentry category-gruppi-settimanali-roma no-post-title no-post-date has-post-category has-post-tag has-post-comment has-post-author   cat-7\">\n\t\n            <a href=\"https:\/\/www.centrodambra.com\/?p=786\" data-post-permalink=\"yes\" style=\"display: none;\"><\/a>\n    \n\t\n\t\n\t\n\t\t\n\t\n\t\n\t<div class=\"post-content\">\n\t\t<div class=\"post-content-inner\">\n\n\t\t\t\n\t\t\t\n\t\t\t\n\t\t\t\n\t\t\t<div class=\"entry-content\">\n\n\t\t\t\t\n\t\t\t\t\t<p>Marted\u00ec h 18,00 \u2013 20,00<br \/>\ndal 28 Ottobre 2025 al 19 Maggio 2026<br \/>\n(esclusi festivi)<br \/>\nper un totale di 27 incontri<\/p>\n<p>Mercoled\u00ec h\u00a018,00 \u2013 20,00<br \/>\ndal 29 Ottobre 2025 al 20 Maggio 2026<br \/>\n(esclusi festivi)<br \/>\nper un totale di 27 incontri<\/p>\n<div class=\"themify_builder_content themify_builder_content-786 themify_builder in_the_loop not_editable_builder\" data-postid=\"786\">\n\n    <\/div>\n\t\t\t\t\n\t\t\t<\/div><!-- \/.entry-content -->\n\n\t\t\t\n\t\t<\/div>\n\t\t<!-- \/.post-content-inner -->\n\t<\/div>\n\t<!-- \/.post-content -->\n\t\n<\/article>\n<!-- \/.post -->\n        <\/div><!-- .builder-posts-wrap -->\n                    <\/div>\n    <!-- \/module post -->\n    \r\n                        <\/div>\n                                   <\/div>\n\t\t               <div  class=\"col2-1 sub_column module_column last sub_column_post_116 sub_column_2-0-2-1\"> \n                                                              <div class=\"tb-column-inner\">\n                            \r\n<style type=\"text\/css\">.themify_builder .text-116-sub_row_2-0-2-1-0.module-text{background-repeat: repeat; background-position: left top; font-weight: ; }\n.themify_builder .text-116-sub_row_2-0-2-1-0.module-text,.themify_builder .text-116-sub_row_2-0-2-1-0.module-text h1,.themify_builder .text-116-sub_row_2-0-2-1-0.module-text h2,.themify_builder .text-116-sub_row_2-0-2-1-0.module-text h3:not(.module-title),.themify_builder .text-116-sub_row_2-0-2-1-0.module-text h4,.themify_builder .text-116-sub_row_2-0-2-1-0.module-text h5,.themify_builder .text-116-sub_row_2-0-2-1-0.module-text h6{color:#097d7d; }\n<\/style>\r\n<!-- module text -->\n<div  id=\"text-116-sub_row_2-0-2-1-0\" class=\"module module-text text-116-sub_row_2-0-2-1-0  repeat  \">\n    <!--insert-->\n    \n        <p style=\"text-align: left;\">STAGE COMBINATI<\/p>        <\/div>\n<!-- \/module text -->\n\r\n\r\n<style type=\"text\/css\">.themify_builder .post-116-sub_row_2-0-2-1-1.module-post .post{background-color:#f0f0f0; border-right:2px solid #ababab; border-bottom:2px solid #ababab; }\n<\/style>\r\n    <!-- module post -->\n    <div  id=\"post-116-sub_row_2-0-2-1-1\" class=\"module module-post post-116-sub_row_2-0-2-1-1 \">\n        <!--insert-->\n                <div class=\"builder-posts-wrap clearfix loops-wrapper  list-post boxed\">\n            \n\n<article id=\"post-790\" class=\"post clearfix post-790 type-post status-publish format-standard hentry category-stage-combinati-roma no-post-title no-post-date has-post-category has-post-tag has-post-comment has-post-author   cat-8\">\n\t\n            <a href=\"https:\/\/www.centrodambra.com\/?p=790\" data-post-permalink=\"yes\" style=\"display: none;\"><\/a>\n    \n\t\n\t\n\t\n\t\t\n\t\n\t\n\t<div class=\"post-content\">\n\t\t<div class=\"post-content-inner\">\n\n\t\t\t\n\t\t\t\n\t\t\t\n\t\t\t\n\t\t\t<div class=\"entry-content\">\n\n\t\t\t\t\n\t\t\t\t\t<p>Giorni:<br \/>\n<span class=\"fontstyle0\">06-07-08-09 Novembre 2025<\/span><br \/>\n<span class=\"fontstyle0\">08-09-10-11\u00a0 \u00a0Gennaio 2026<\/span><br \/>\n<span class=\"fontstyle0\">12-13-14-15\u00a0 \u00a0 Marzo 2026<\/span><\/p>\n<p>Orario:<br \/>\nGioved\u00ec, Venerd\u00ec e Sabato <span class=\"fontstyle0\">h. 15,00-20,00<\/span><br \/>\nDomenica h. 9,00-14,00<\/p>\n<div class=\"themify_builder_content themify_builder_content-790 themify_builder in_the_loop not_editable_builder\" data-postid=\"790\">\n\n    <\/div>\n\t\t\t\t\n\t\t\t<\/div><!-- \/.entry-content -->\n\n\t\t\t\n\t\t<\/div>\n\t\t<!-- \/.post-content-inner -->\n\t<\/div>\n\t<!-- \/.post-content -->\n\t\n<\/article>\n<!-- \/.post -->\n        <\/div><!-- .builder-posts-wrap -->\n                    <\/div>\n    <!-- \/module post -->\n    \r\n                        <\/div>\n                                   <\/div>\n\t\t                    <\/div>\n                <\/div><!-- \/themify_builder_sub_row -->\n                \r\n\r\n    <!-- module divider -->\n    <div  id=\"divider-116-2-0-3\" class=\"module module-divider divider-116-2-0-3 solid    \" style=\"border-width: 2px;border-color: #097d7d;\">\n        <!--insert-->\n            <\/div>\n    <!-- \/module divider -->\n\r\n\r\n<style type=\"text\/css\">.themify_builder .text-116-2-0-4.module-text{background-repeat: repeat; background-position: left top; }\n.themify_builder .text-116-2-0-4.module-text,.themify_builder .text-116-2-0-4.module-text h1,.themify_builder .text-116-2-0-4.module-text h2,.themify_builder .text-116-2-0-4.module-text h3:not(.module-title),.themify_builder .text-116-2-0-4.module-text h4,.themify_builder .text-116-2-0-4.module-text h5,.themify_builder .text-116-2-0-4.module-text h6{color:#097d7d; }\n<\/style>\r\n<!-- module text -->\n<div  id=\"text-116-2-0-4\" class=\"module module-text text-116-2-0-4  repeat  \">\n    <!--insert-->\n    \n        <p style=\"text-align: left;\"><strong>STAGE LIBERI<\/strong><\/p>        <\/div>\n<!-- \/module text -->\n\r\n\r\n<style type=\"text\/css\">.themify_builder .post-116-2-0-5.module-post .post{background-color:#f0f0f0; border-right:2px solid #ababab; border-bottom:2px solid #ababab; }\n<\/style>\r\n    <!-- module post -->\n    <div  id=\"post-116-2-0-5\" class=\"module module-post post-116-2-0-5 \">\n        <!--insert-->\n                <div class=\"builder-posts-wrap clearfix loops-wrapper  grid2 boxed\">\n            \n\n<article id=\"post-794\" class=\"post clearfix post-794 type-post status-publish format-standard hentry category-stage-liberi-roma no-post-title no-post-date has-post-category has-post-tag has-post-comment has-post-author   cat-9\">\n\t\n            <a href=\"https:\/\/www.centrodambra.com\/?p=794\" data-post-permalink=\"yes\" style=\"display: none;\"><\/a>\n    \n\t\n\t\n\t\n\t\t\n\t\n\t\n\t<div class=\"post-content\">\n\t\t<div class=\"post-content-inner\">\n\n\t\t\t\n\t\t\t\n\t\t\t\n\t\t\t\n\t\t\t<div class=\"entry-content\">\n\n\t\t\t\t\n\t\t\t\t\t<p>22-23 Novembre 2025<br \/>\norario:<br \/>\nSabato h. 15,00-20,00<br \/>\nDomenica h. 9,00-14,00<\/p>\n<div class=\"themify_builder_content themify_builder_content-794 themify_builder in_the_loop not_editable_builder\" data-postid=\"794\">\n\n    <\/div>\n\t\t\t\t\n\t\t\t<\/div><!-- \/.entry-content -->\n\n\t\t\t\n\t\t<\/div>\n\t\t<!-- \/.post-content-inner -->\n\t<\/div>\n\t<!-- \/.post-content -->\n\t\n<\/article>\n<!-- \/.post -->\n\n\n<article id=\"post-799\" class=\"post clearfix post-799 type-post status-publish format-standard hentry category-stage-liberi-roma no-post-title no-post-date has-post-category has-post-tag has-post-comment has-post-author   cat-9\">\n\t\n            <a href=\"https:\/\/www.centrodambra.com\/?p=799\" data-post-permalink=\"yes\" style=\"display: none;\"><\/a>\n    \n\t\n\t\n\t\n\t\t\n\t\n\t\n\t<div class=\"post-content\">\n\t\t<div class=\"post-content-inner\">\n\n\t\t\t\n\t\t\t\n\t\t\t\n\t\t\t\n\t\t\t<div class=\"entry-content\">\n\n\t\t\t\t\n\t\t\t\t\t<p>12-13-14 Dicembre 2025<br \/>\norario:<br \/>\nVenerd\u00ec e Sabato h. 15,00-20,00<br \/>\nDomenica h. 9,00-14,00<\/p>\n<div class=\"themify_builder_content themify_builder_content-799 themify_builder in_the_loop not_editable_builder\" data-postid=\"799\">\n\n    <\/div>\n\t\t\t\t\n\t\t\t<\/div><!-- \/.entry-content -->\n\n\t\t\t\n\t\t<\/div>\n\t\t<!-- \/.post-content-inner -->\n\t<\/div>\n\t<!-- \/.post-content -->\n\t\n<\/article>\n<!-- \/.post -->\n\n\n<article id=\"post-802\" class=\"post clearfix post-802 type-post status-publish format-standard hentry category-stage-liberi-roma no-post-title no-post-date has-post-category has-post-tag has-post-comment has-post-author   cat-9\">\n\t\n            <a href=\"https:\/\/www.centrodambra.com\/?p=802\" data-post-permalink=\"yes\" style=\"display: none;\"><\/a>\n    \n\t\n\t\n\t\n\t\t\n\t\n\t\n\t<div class=\"post-content\">\n\t\t<div class=\"post-content-inner\">\n\n\t\t\t\n\t\t\t\n\t\t\t\n\t\t\t\n\t\t\t<div class=\"entry-content\">\n\n\t\t\t\t\n\t\t\t\t\t<p>13-14-15 Febbraio 2026<br \/>\nVenerd\u00ec e Sabato h.15,00-20,00<br \/>\nDomenica h.9,00-14,00<\/p>\n<div class=\"themify_builder_content themify_builder_content-802 themify_builder in_the_loop not_editable_builder\" data-postid=\"802\">\n\n    <\/div>\n\t\t\t\t\n\t\t\t<\/div><!-- \/.entry-content -->\n\n\t\t\t\n\t\t<\/div>\n\t\t<!-- \/.post-content-inner -->\n\t<\/div>\n\t<!-- \/.post-content -->\n\t\n<\/article>\n<!-- \/.post -->\n\n\n<article id=\"post-814\" class=\"post clearfix post-814 type-post status-publish format-standard hentry category-stage-liberi-roma no-post-title no-post-date has-post-category has-post-tag has-post-comment has-post-author   cat-9\">\n\t\n            <a href=\"https:\/\/www.centrodambra.com\/?p=814\" data-post-permalink=\"yes\" style=\"display: none;\"><\/a>\n    \n\t\n\t\n\t\n\t\t\n\t\n\t\n\t<div class=\"post-content\">\n\t\t<div class=\"post-content-inner\">\n\n\t\t\t\n\t\t\t\n\t\t\t\n\t\t\t\n\t\t\t<div class=\"entry-content\">\n\n\t\t\t\t\n\t\t\t\t\t<p>24-25-26 Aprile 2026<br \/>\norario:<br \/>\nVenerd\u00ec, Sabato h. 15,00-20,00<br \/>\nDomenica h. 9,00-14,00<\/p>\n<div class=\"themify_builder_content themify_builder_content-814 themify_builder in_the_loop not_editable_builder\" data-postid=\"814\">\n\n    <\/div>\n\t\t\t\t\n\t\t\t<\/div><!-- \/.entry-content -->\n\n\t\t\t\n\t\t<\/div>\n\t\t<!-- \/.post-content-inner -->\n\t<\/div>\n\t<!-- \/.post-content -->\n\t\n<\/article>\n<!-- \/.post -->\n\n\n<article id=\"post-1067\" class=\"post clearfix post-1067 type-post status-publish format-standard hentry category-stage-liberi-roma no-post-title no-post-date has-post-category has-post-tag has-post-comment has-post-author   cat-9\">\n\t\n            <a href=\"https:\/\/www.centrodambra.com\/?p=1067\" data-post-permalink=\"yes\" style=\"display: none;\"><\/a>\n    \n\t\n\t\n\t\n\t\t\n\t\n\t\n\t<div class=\"post-content\">\n\t\t<div class=\"post-content-inner\">\n\n\t\t\t\n\t\t\t\n\t\t\t\n\t\t\t\n\t\t\t<div class=\"entry-content\">\n\n\t\t\t\t\n\t\t\t\t\t\r\n<p>10-11-12-13-14 Giugno 2026<br \/>orario:<br \/>Mercoled\u00ec, Gioved\u00ec, Venerd\u00ec e Sabato <br \/>h. 15,00-20,00<br \/>Domenica h. 9,00-14,00<\/p>\r\n<div class=\"themify_builder_content themify_builder_content-1067 themify_builder in_the_loop not_editable_builder\" data-postid=\"1067\">\n\n    <\/div>\n\t\t\t\t\n\t\t\t<\/div><!-- \/.entry-content -->\n\n\t\t\t\n\t\t<\/div>\n\t\t<!-- \/.post-content-inner -->\n\t<\/div>\n\t<!-- \/.post-content -->\n\t\n<\/article>\n<!-- \/.post -->\n        <\/div><!-- .builder-posts-wrap -->\n                    <\/div>\n    <!-- \/module post -->\n    \r\n                        <\/div>\n                    \t\t<\/div>\n\t\t                                <\/div>\n                                <!-- \/row_inner -->\n                        <\/div>\n                        <!-- \/module_row -->\n\t\t\t\n\t\t<!-- module_row -->\n\t\t<div  data-anchor=\"incontriguglionesi\" class=\"themify_builder_row module_row clearfix repeat tb_section-incontriguglionesi module_row_3 themify_builder_116_row module_row_116-3\">\n\t\t\t<style type=\"text\/css\">.themify_builder.themify_builder .module_row_116-3.module_row{background-repeat: repeat; background-attachment: scroll; background-position: center center; }\n.themify_builder.themify_builder .module_row_116-3.module_row>div.row_inner{background-repeat: repeat; background-attachment: scroll; background-position: center center; }\n<\/style>\t\t\t<div class=\"row_inner col_align_top\" >\n                            \n\t\t<div  class=\"module_column tb-column col-full first tb_116_column module_column_0 module_column_116-3-0\" >\n                                                                <div class=\"tb-column-inner\">\n                            \r\n<style type=\"text\/css\">.themify_builder .text-116-3-0-0.module-text{background-repeat: repeat; background-position: left top; text-align: justify; padding-top:20px; padding-right:30px; padding-left:30px; margin-bottom:20px; border-bottom:2px solid #097d7d; }\n<\/style>\r\n<!-- module text -->\n<div  id=\"text-116-3-0-0\" class=\"module module-text text-116-3-0-0  repeat  \">\n    <!--insert-->\n    \n        <h2 style=\"text-align: center;\">INCONTRI DI GUGLIONESI<\/h2>        <\/div>\n<!-- \/module text -->\n\r\n\r\n<style type=\"text\/css\">.themify_builder .text-116-3-0-1.module-text{background-color:#097d7d; background-repeat: repeat; background-position: left top; text-transform: uppercase; }\n.themify_builder .text-116-3-0-1.module-text,.themify_builder .text-116-3-0-1.module-text h1,.themify_builder .text-116-3-0-1.module-text h2,.themify_builder .text-116-3-0-1.module-text h3:not(.module-title),.themify_builder .text-116-3-0-1.module-text h4,.themify_builder .text-116-3-0-1.module-text h5,.themify_builder .text-116-3-0-1.module-text h6{color:#ffffff; }\n<\/style>\r\n<!-- module text -->\n<div  id=\"text-116-3-0-1\" class=\"module module-text text-116-3-0-1  repeat  \">\n    <!--insert-->\n    \n        <p style=\"text-align: center;\">Programma 2024\/25<\/p>        <\/div>\n<!-- \/module text -->\n\r\n\t\t<div class=\"themify_builder_sub_row module_subrow clearfix sub_row_3-0-2\">\n\t\t                    <div class=\"subrow_inner col_align_top\" >\n                                       <div  class=\"col2-1 sub_column module_column first sub_column_post_116 sub_column_3-0-2-0 repeat\" > \n                                                      <\/div>\n\t\t               <div  class=\"col2-1 sub_column module_column last sub_column_post_116 sub_column_3-0-2-1\"> \n                                                      <\/div>\n\t\t                    <\/div>\n                <\/div><!-- \/themify_builder_sub_row -->\n                \r\n\r\n    <!-- module divider -->\n    <div  id=\"divider-116-3-0-3\" class=\"module module-divider divider-116-3-0-3 solid    \" style=\"border-width: 2px;border-color: #097d7d;\">\n        <!--insert-->\n            <\/div>\n    <!-- \/module divider -->\n\r\n\r\n<style type=\"text\/css\">.themify_builder .text-116-3-0-4.module-text{background-repeat: repeat; background-position: left top; }\n.themify_builder .text-116-3-0-4.module-text,.themify_builder .text-116-3-0-4.module-text h1,.themify_builder .text-116-3-0-4.module-text h2,.themify_builder .text-116-3-0-4.module-text h3:not(.module-title),.themify_builder .text-116-3-0-4.module-text h4,.themify_builder .text-116-3-0-4.module-text h5,.themify_builder .text-116-3-0-4.module-text h6{color:#097d7d; }\n<\/style>\r\n<!-- module text -->\n<div  id=\"text-116-3-0-4\" class=\"module module-text text-116-3-0-4  repeat  \">\n    <!--insert-->\n    \n        <p style=\"text-align: left;\"><strong>STAGE LIBERI<\/strong><\/p>        <\/div>\n<!-- \/module text -->\n\r\n\r\n<style type=\"text\/css\">.themify_builder .post-116-3-0-5.module-post .post{background-color:#f0f0f0; border-right:2px solid #ababab; border-bottom:2px solid #ababab; }\n<\/style>\r\n    <!-- module post -->\n    <div  id=\"post-116-3-0-5\" class=\"module module-post post-116-3-0-5 \">\n        <!--insert-->\n                <div class=\"builder-posts-wrap clearfix loops-wrapper  grid2 boxed\">\n            \n\n<article id=\"post-1030\" class=\"post clearfix post-1030 type-post status-publish format-standard hentry category-stage-liberi-guglionesi no-post-title no-post-date has-post-category has-post-tag has-post-comment has-post-author   cat-10\">\n\t\n            <a href=\"https:\/\/www.centrodambra.com\/?p=1030\" data-post-permalink=\"yes\" style=\"display: none;\"><\/a>\n    \n\t\n\t\n\t\n\t\t\n\t\n\t\n\t<div class=\"post-content\">\n\t\t<div class=\"post-content-inner\">\n\n\t\t\t\n\t\t\t\n\t\t\t\n\t\t\t\n\t\t\t<div class=\"entry-content\">\n\n\t\t\t\t\n\t\t\t\t\t<p>20-21-22-23 Agosto 2026<br \/>\norario:<br \/>\nGioved\u00ec\u00a0 h 15,00 \u2013 20,00<br \/>\nVenerd\u00ec, Sabato e Domenica h 9,00 \u2013 14,00<\/p>\n<div class=\"themify_builder_content themify_builder_content-1030 themify_builder in_the_loop not_editable_builder\" data-postid=\"1030\">\n\n    <\/div>\n\t\t\t\t\n\t\t\t<\/div><!-- \/.entry-content -->\n\n\t\t\t\n\t\t<\/div>\n\t\t<!-- \/.post-content-inner -->\n\t<\/div>\n\t<!-- \/.post-content -->\n\t\n<\/article>\n<!-- \/.post -->\n        <\/div><!-- .builder-posts-wrap -->\n                    <\/div>\n    <!-- \/module post -->\n    \r\n                        <\/div>\n                    \t\t<\/div>\n\t\t                                <\/div>\n                                <!-- \/row_inner -->\n                        <\/div>\n                        <!-- \/module_row -->\n\t\t<\/div>\n","protected":false},"excerpt":{"rendered":"<p>INCONTRI DI ROMA Programma 2025\/26 GRUPPI SETTIMANALI STAGE COMBINATI STAGE LIBERI INCONTRI DI GUGLIONESI Programma 2024\/25 STAGE LIBERI<\/p>\n","protected":false},"author":1,"featured_media":0,"parent":13,"menu_order":0,"comment_status":"closed","ping_status":"closed","template":"","meta":{"footnotes":""},"_links":{"self":[{"href":"https:\/\/www.centrodambra.com\/index.php?rest_route=\/wp\/v2\/pages\/116"}],"collection":[{"href":"https:\/\/www.centrodambra.com\/index.php?rest_route=\/wp\/v2\/pages"}],"about":[{"href":"https:\/\/www.centrodambra.com\/index.php?rest_route=\/wp\/v2\/types\/page"}],"author":[{"embeddable":true,"href":"https:\/\/www.centrodambra.com\/index.php?rest_route=\/wp\/v2\/users\/1"}],"replies":[{"embeddable":true,"href":"https:\/\/www.centrodambra.com\/index.php?rest_route=%2Fwp%2Fv2%2Fcomments&post=116"}],"version-history":[{"count":167,"href":"https:\/\/www.centrodambra.com\/index.php?rest_route=\/wp\/v2\/pages\/116\/revisions"}],"predecessor-version":[{"id":1335,"href":"https:\/\/www.centrodambra.com\/index.php?rest_route=\/wp\/v2\/pages\/116\/revisions\/1335"}],"up":[{"embeddable":true,"href":"https:\/\/www.centrodambra.com\/index.php?rest_route=\/wp\/v2\/pages\/13"}],"wp:attachment":[{"href":"https:\/\/www.centrodambra.com\/index.php?rest_route=%2Fwp%2Fv2%2Fmedia&parent=116"}],"curies":[{"name":"wp","href":"https:\/\/api.w.org\/{rel}","templated":true}]}}